se -49 = -w*m + 96. What is the remainder when 113 is divided by m?
26
Let s = 4494 + -2375. Calculate the remainder when s is divided by 5.
4
Let j = -57 + 66. Suppose -j*s + 32 = -5*s. Suppose s*v - 171 - 37 = 0. Calculate the remainder when v is divided by 14.
12
Let j = -10028 + 11034. What is the remainder when j is divided by 14?
12
Let b(m) = -m**2 + 241*m + 3104. Calculate the remainder when 1440 is divided by b(-12).
12
Let g = -206 - -206. Suppose -90*l + 93*l - 15 = g. What is the remainder when 8 is divided by l?
3
Calculate the remainder when 359 is divided by (-60)/((-9)/2*((-336)/(-36) + -9)).
39
Suppose -l + 2760 = 14*l. Suppose -4304 = -5*w + 2*j, -w + 3*j + 865 = 4*j. Suppose 3*n = -l + w. What is the remainder when n is divided by 57?
55
Let v = -31 + 33. Suppose -5*g = -20, -b - 5*g + 170 = v*b. Suppose -14*k - b = -19*k. Calculate the remainder when 19 is divided by k.
9
Let x(c) = c**2 + 5*c + 39. Let k(v) = -2*v**3 + 2*v**2 + v - 2. Calculate the remainder when x(-4) is divided by k(-2).
15
Let l(v) = 2595*v + 8. Let j be l(1). Suppose -6*z + j = -1009. What is the remainder when z is divided by 67?
66
Suppose 4*i + 6*i - 640 = 0. Calculate the remainder when 70 is divided by 8/(-6)*(-24)/i*12.
4
Suppose j = -h + 15, 4*j = -h - 4 + 16. Calculate the remainder when 76 is divided by 254/h - (-3 - 69/(-24)).
12
Let o(k) = 115*k + 55. Suppose 5*w - 10*w = -a - 120, 0 = 4*a. Calculate the remainder when o(2) is divided by w.
21
Let l = -250 - -60. Let z = 214 + l. What is the remainder when z is divided by (-54)/(-10) - 2/5?
4
Suppose 9*d = 5*d + 8. Suppose -4*s + g = 0, d*g = -3*g. Suppose s = -40*m + 37*m + 159. What is the remainder when m is divided by 11?
9
Let l(h) = -16*h + 118. What is the remainder when 55 is divided by l(7)?
1
Let q be (-36 - -34)/(2/231). Let k = q - -246. What is the remainder when 87 is divided by k?
12
Suppose 20*w = 10*w + 14*w. Suppose -x + 3*f = -2, w*x - x - 5*f = -34. Calculate the remainder when 83 is divided by x.
13
Let a(b) = b**2 - 41*b - 1. Let q be a(14). Let t = q - -402. What is the remainder when 1/((-1)/182*-2) is divided by t?
22
Let i(h) = -h**3 + h**2 + h - 1. Let k(a) = -6*a**3 + 20*a + 33. Let m(u) = 5*i(u) - k(u). What is the remainder when 49 is divided by m(-4)?
11
Suppose -3*f = 4*v - 688, -1195 = -5*f - 18*v + 21*v. What is the remainder when f is divided by 79?
78
Let u be (61/7 - 9)*(-14)/1. Suppose -2*w + u*q = 0, 4*q - 1 = 15. What is the remainder when 41 is divided by w?
1
Let y(m) = -m**2 + m. Let r(n) = -23*n**2 + 8*n + 3. Let i(j) = r(j) - 2*y(j). Let c be i(-1). Let b = 49 + c. Calculate the remainder when 47 is divided by b.
22
What is the remainder when 206*(15/2 + -2 - (-179 - -181)) is divided by 105?
91
Suppose 0 = 4*g + 3*c - 8176, -3685 + 11889 = 4*g - 4*c. What is the remainder when g is divided by 64?
63
Suppose 65*h - 64*h = 144. Suppose 42*i - h = 24*i. What is the remainder when 19 is divided by i?
3
Let p(h) = -h**3 + 6*h**2 + 16*h - 6. Let f be p(8). Let d be f/(-33) + 10100/110. Let t = d + -87. Calculate the remainder when 9 is divided by t.
4
Calculate the remainder when (-24)/20*255/(-6) is divided by 9.
6
Let y(x) = 2*x**3 + 1249*x - 6219. Calculate the remainder when 535 is divided by y(5).
259
Suppose -182 = -v - 174. Suppose 0 = -v*g + 325 + 275. Calculate the remainder when 822 is divided by g.
72
Let y(w) be the third derivative of 7*w**5/60 + w**4/8 - w**3/6 - 2*w**2 - 15. What is the remainder when 4 is divided by y(-1)?
1
Suppose -4*u + 437 = s, 10*u - 2*s = 5*u + 543. Suppose -8*j + u = -43. What is the remainder when j is divided by 5?
4
Suppose -8*h + 6*h - 3*i + 8 = 0, i = 2*h - 32. Suppose 2*v - 2*z - 38 = 0, 5*z + 5 = v - 2. What is the remainder when v is divided by h?
9
Suppose 4*i + 160 = 4*t, -3*t + 16 = 5*i - 112. Calculate the remainder when 427 is divided by t.
17
Let h(v) = -11 + v**2 + 4 + 24*v - 12 + 3 - 8. What is the remainder when 6 is divided by h(1)?
0
Let n = 24772 + -24734. Calculate the remainder when 10220 is divided by n.
36
Let j = -34680 + 34882. What is the remainder when j is divided by 33?
4
Suppose -2*s = 3*s + 20, 0 = -2*l - 2*s - 2. Suppose 2*u = -2*u + 60. What is the remainder when u is divided by l?
0
Let c(j) = -4*j + 9. Let u be c(0). Let k = 238 - 220. What is the remainder when k is divided by 14 - u/(-4 + 7)?
7
Let s = 96 + 2. Let j = 37297 + -37286. What is the remainder when s is divided by j?
10
Let r(m) = 26*m**2 + 60*m - 16. Suppose -4*t = -0*t - 44. What is the remainder when r(-3) is divided by t?
5
Let g = 354 + -724. Let n = -368 - g. Calculate the remainder when 3 is divided by n.
1
Suppose 0 = 3*z + z - 168. Let u be -1*(3 + 0 - 6). Suppose 0 = 5*c - u*o - 411, 3*o + 318 = 4*c + 6*o. What is the remainder when c is divided by z?
39
Let s(t) = 2*t + 3. Let h(l) = -7*l - 8. Suppose -v = 10 - 2. Let o(a) = v*s(a) - 3*h(a). Calculate the remainder when o(5) is divided by 9.
7
Let q(a) = -7*a + 2. Let m be (-47)/(-4) - (-5)/(60/(-9)). Suppose m*i - 276 = -i. Calculate the remainder when q(-9) is divided by i.
19
Let r(x) = 4*x - 13. Let o(f) = 3*f - 12. Let d(z) = -6*o(z) + 5*r(z). Calculate the remainder when d(21) is divided by 9.
4
Suppose -3*f + 6*f = -3*f + 216. Calculate the remainder when 343 is divided by f.
19
Let l(k) = -k**2 - 11*k + 40. Let h be l(-12). Calculate the remainder when (-26)/(-2 + h/16) is divided by 9.
5
Suppose -q - 12*q = -78. Let k(w) = 40*w - 25*w - 29*w - q. What is the remainder when 87 is divided by k(-2)?
21
Let l(n) = -367*n - 8382. What is the remainder when 3091 is divided by l(-23)?
23
Let f = -7 + 139. Suppose 76 + 0 = 3*g + 4*r, 106 = 3*g - 2*r. Calculate the remainder when f is divided by g.
4
Suppose -1628*x + 16500 = -1041*x + 5934. Suppose 26 = 3*n - 7. What is the remainder when x is divided by n?
7
Suppose -266 = 24*k + 14*k. Let l(i) = i**3 + 7*i**2 - 3*i + 1. Calculate the remainder when l(k) is divided by 14.
8
Let b = -359 + 366. Let s be (-7 + 13)/(3/4). Suppose s*z - 9*z = -41. What is the remainder when z is divided by b?
6
Let b = 518 - 530. Let i(h) = -h**3 - 5*h**2 + 13*h + 28. Calculate the remainder when i(b) is divided by 18.
16
Let m(s) be the first derivative of -103*s + 10*s**2 + 2 + 114*s + 14 + s**3. Calculate the remainder when 171 is divided by m(-8).
42
Let h(r) = 2*r**2 - 3*r**2 + 15 - r**2 - 21*r - 8*r. Calculate the remainder when 104 is divided by h(-14).
17
Let c = 4450 - 4048. What is the remainder when c is divided by 70?
52
Let i(j) = 6*j - 5. Let b be i(9). Calculate the remainder when 4039/b - 16/(-28) is divided by 43.
40
Suppose 0 = 5800*a - 5799*a - 45. What is the remainder when 3642 is divided by a?
42
Let w = 42 + -29. What is the remainder when 60*((-30)/(-44))/(1830/16775) is divided by w?
11
Suppose -157*u = -158*u + 4*a + 626, 5*u + a - 3235 = 0. What is the remainder when u is divided by 8?
6
Let c be 5 + ((-46592)/(-70) - (-4)/10). Suppose 339 = 10*y - c. What is the remainder when y is divided by 52?
49
Let d be 9/(-1 + (-146)/(-144)). Suppose d = 4*n + 204. Let m(q) = -1309*q + 7862. Calculate the remainder when n is divided by m(6).
7
Suppose 0 = 15*i - 12*i - 6. Suppose -n = 4*w + 325, 240 = -3*w - i*n + 5*n. Let m = w + 99. Calculate the remainder when 87 is divided by m.
15
Suppose 98 = 4*f + 78. Suppose 0 = 2*p - 3*c + 33, -3*p - 2 = -f*p - 4*c. Calculate the remainder when p/(27/24)*10/(-4) is divided by 11.
9
Let k(b) = -20*b + 60. Let q be k(3). Suppose -13*t - t + 812 = q. Calculate the remainder when 167 is divided by t.
51
Suppose 0 = -2*q + u + 18, 0 = -2*q + 5*u + 3 - 1. Let y(x) = x**3 - 4*x**2 - 2*x + 1. What is the remainder when y(6) is divided by q?
6
Suppose v - 5*v = -48. Suppose 76*b = 14*b + 1131742 - 1100556. Calculate the remainder when b is divided by v.
11
Suppose -15*c = -11*c + 7*c - 88. What is the remainder when 195 is divided by c?
3
Calculate the remainder when 543 is divided by (-459)/(-5)*(-260)/(-156).
84
Let f be -2 + 12/(-3) + 22. Suppose -i = -2*l - f, 0*l + 3*l + 2*i = -31. What is the remainder when 72 is divided by (l/(-6))/3*30?
12
Let f be (-1 - (1 + -4)) + 1189. Calculate the remainder when f*(-1)/(-15) - (-2)/(-5) is divided by 17.
11
Suppose -2*v 